47. Suppose h + 2*t = j, 5*h = 2*h - 4*t + 73. What is the greatest common divisor of h and 162?
27
Let n be (616/77)/((-1)/(-23)). Calculate the greatest common factor of 69 and n.
23
Let v(j) = j**3 + 7*j**2 - 19*j - 1. Let x be v(-9). Let s = -9 + 29. What is the highest common divisor of s and x?
4
Suppose 0*q + 6*q = 330. Calculate the greatest common divisor of 55 and q.
55
Let h = -51 - -53. Suppose -32 - 8 = -h*v - 2*c, v = -3*c + 28. What is the greatest common divisor of v and 32?
16
Let r be 678/18 - 8/(-6). Let m be ((-4)/3)/((-13)/r). Suppose -x + 0 = -m. What is the highest common factor of x and 6?
2
Suppose 0 = -2*l + 4*l - 6. Suppose l*m = 1 + 17. What is the highest common factor of m and 3?
3
Suppose -5*s - 5 = -4*k, 0*k = k. Let u = 37 + s. What is the greatest common divisor of 24 and u?
12
Suppose 17*y - 15 = 20*y, 5*y + 766 = 3*s. Calculate the greatest common divisor of 182 and s.
13
Suppose 2 = 2*b, 0 = v + 3*v - 4*b - 6712. What is the highest common divisor of 46 and v?
23
Let l = 33 - 18. Suppose -6*n = 2*f - 2*n - 236, n - 239 = -2*f. What is the highest common factor of l and f?
15
Let a be (-315)/(-3) + (2 - -1). Let k = -28 - -100. Calculate the greatest common factor of k and a.
36
Suppose n = -3*n - 88. Let l be (-276)/(-9) - 2/((-6)/(-5)). Let y = l + n. Calculate the greatest common divisor of y and 35.
7
Let s = -2226 - -2948. Calculate the greatest common factor of s and 38.
38
Let x(v) = 21*v + 829. Let w be x(-37). Suppose -3*q = -3*d - 114, 3*d + 0 = 3. Calculate the highest common factor of w and q.
13
Suppose -k = 23 - 168. Suppose -115*z = -114*z - 29. Calculate the greatest common factor of z and k.
29
Let i = 81 - 65. Let r be -4 + (i + -4 - 4). Calculate the greatest common divisor of r and 28.
4
Let z be (2 + 796/16)/(12/(-32)). Let v = -58 - z. Calculate the greatest common factor of 16 and v.
16
Let b(c) = -63*c + 57. Let u be b(-25). Suppose -11*g + u = g. What is the highest common factor of g and 8?
8
Suppose 3*o - 9*b = -10*b + 717, -4*o + 948 = 4*b. Calculate the greatest common divisor of o and 30.
30
Let n = 357 + -332. Calculate the greatest common factor of n and 75.
25
Let b = 44 - -9. Let s = -28 + b. Calculate the highest common divisor of 5 and s.
5
Let c be (-12)/30 - (-2 - (-786)/(-15)). Calculate the highest common factor of c and 150.
6
Let y be (9/(-5))/(171/(-3705)). What is the greatest common factor of y and 559?
13
Suppose 0 = 4*x - 5*x + 11. Let h = 3 - x. Let l(y) = -3*y + 4. Let q be l(h). What is the highest common factor of 4 and q?
4
Suppose -x + 294 = 3*j, 12*x + 3*j - 888 = 9*x. What is the greatest common divisor of 27 and x?
27
Let c = 40 + -41. Let v(a) = -36*a. Let d be v(c). What is the greatest common divisor of 324 and d?
36
Let w = 54 - 51. Suppose -6 = -b - 0*b - 3*m, -3*m = -w*b + 18. What is the highest common factor of 66 and b?
6
Suppose 18*n - 40 = 13*n. Let c = 19 - n. What is the greatest common divisor of c and 143?
11
Let x = 449 - 411. Calculate the highest common factor of x and 608.
38
Suppose 2*f = 4, -84 = -l - 0*l - 2*f. Calculate the greatest common divisor of 32 and l.
16
Let i(d) = -2*d**2 + 11*d + 40. Let w be i(8). Suppose 4*g - 15 - 25 = w. What is the highest common factor of g and 40?
10
Suppose -53*w = 628 - 3225. What is the highest common divisor of w and 28?
7
Let s(o) = -o**3 + 11*o**2 - 23*o - 7. Let x be s(8). Suppose -h - 2*t - 3 = 0, -2*h = 4*t - 3*t. Calculate the greatest common factor of x and h.
1
Let z be 24/21*21/6. Suppose 2*v + k - 272 = 0, -5*v = z*k - 7*k - 669. Let o be (-2)/((-16)/(-10))*-12. What is the greatest common factor of o and v?
15
Let j be (1 + 5)/((-28)/(-42)). Let q(h) = -4*h - 9. Let a be q(-9). What is the highest common divisor of a and j?
9
Let g be (2 - (3 - 1)) + 1. Suppose -4*u = -u - 3. Let k = u + 6. What is the greatest common factor of k and g?
1
Let o = -3 + 2. Let b(h) = -h**3 + 11*h**2 + 3*h - 35. Let t be b(11). Let z be (-1)/o + -1 - t. Calculate the greatest common divisor of z and 3.
1
Suppose -46*a + 43*a - 24 = 0. Let b be ((-1683)/(-44))/((-19)/a - 2). Calculate the greatest common divisor of b and 153.
51
Let o(f) = f**2 - 8*f + 2. Let g be o(8). Let s(c) = c + 0*c + 3*c - g*c - 5. Let y be s(8). Calculate the greatest common divisor of y and 121.
11
Let q = 105 + -39. Let c be 24 + 88/(-198)*(-2 + (-26)/(-4)). What is the greatest common divisor of c and q?
22
Suppose -x - 11*a + 10*a = -31, x = -2*a + 35. Calculate the highest common divisor of 135 and x.
27
Let i = 592 - 550. Calculate the greatest common divisor of 434 and i.
14
Let f(c) = 34*c**2 - 16*c - 23. Let h be f(-2). What is the greatest common divisor of 203 and h?
29
Let o = 141 + -96. Suppose -225 = -28*v - 85. Calculate the highest common divisor of v and o.
5
Suppose 3690 = 38*p - 33*p. Calculate the greatest common factor of 82 and p.
82
Suppose -2*v = d - 928, -4*v + 342 - 1246 = -d. What is the highest common factor of d and 40?
40
Let o(b) = 6*b - 12. Let h(z) = 13*z**2 + 2*z. Let s be h(-1). Let q be o(s). Calculate the highest common factor of q and 36.
18
Let s be (16/(-18))/((-6)/27). Suppose 3*x = -2*o + 133, 5*o = s*x + 341 - 20. What is the highest common factor of 13 and o?
13
Suppose 5 = 4*d - 7. Let n(l) = -l**2 - 13*l - 17. Let f be n(-11). Suppose -f*p = -d*p - 50. What is the greatest common factor of p and 200?
25
Suppose -23*u + 54 = -14*u. What is the highest common factor of u and 162?
6
Let k be 1634/(-14) + 2/(-7). Let l = 589 + -384. Let q = k + l. What is the highest common factor of 8 and q?
8
Suppose -c - 3*c - 5*q + 10 = 0, -4*q = 5*c - 17. Suppose 0 = -c*f + 3*n + 95, -5*n + 2*n = f - 19. What is the greatest common divisor of f and 133?
19
Suppose -108 = -3*p + 5*k, k - 105 = -5*p + 75. Calculate the highest common factor of p and 252.
36
Let r(c) = -c**3 + c**2 - 6. Let x be r(0). Let u = 10 + x. Suppose 0 = -u*z + z + 228. Calculate the highest common factor of z and 19.
19
Let n = -969 - -1441. Calculate the highest common divisor of n and 8.
8
Suppose 4*d + 365 = 5*h, 7*h - 4*d = 3*h + 288. What is the greatest common factor of 33 and h?
11
Let u = -11 - -23. Let i be (-8)/u - 290/(-3). Let h = 906 + -882. Calculate the greatest common factor of h and i.
24
Suppose m = -4*m + 450. Let r(c) be the third derivative of c**4/2 - 27*c**3/2 - 74*c**2. Let s be r(8). Calculate the highest common divisor of s and m.
15
Let r be -18 - -19 - (1 - 1110). Calculate the highest common divisor of r and 30.
30
Suppose 1506 = b + 1256. Calculate the highest common divisor of b and 25.
25
Let y = 70 + -68. Suppose -3*h = o + 4*o - 309, -y*h = -4*o + 256. Calculate the highest common divisor of 21 and o.
21
Let q = 210 + -140. Calculate the greatest common factor of q and 14.
14
Let d(t) = 30*t**2 + 2*t - 3. Let h be d(2). What is the greatest common divisor of h and 22?
11
Let x be 3/((-15)/10)*-31 - -3. What is the greatest common factor of 45 and x?
5
Suppose l + 101 = 3*y + 5*l, -4*y + 137 = 3*l. What is the greatest common factor of y and 770?
35
Let q be 14*(32/(-28) - -2). Let t = 9 - q. Let g = 3 - t. What is the greatest common factor of g and 15?
3
Let a = -1015 + 2204. Calculate the greatest common divisor of 29 and a.
29
Suppose -q = -2*r + 433 + 143, -2*q + 4 = 0. Calculate the highest common factor of 17 and r.
17
Suppose 0 = -5*n + 25, 5*d + 3*n - 9 = 26. Suppose -7 + 7 = -5*p. Suppose -j + 2*k + 20 = p, 2*k + 3 + 1 = 0. Calculate the highest common divisor of j and d.
4
Let t = -34 - -57. Let m = -36 + t. Let q = m - -25. What is the highest common factor of 4 and q?
4
Let b(y) = y**3 + 14*y**2 + 3*y - 28. Let f be b(-6). Let l = 5 - 5. Let i = l - -22. Calculate the highest common divisor of f and i.
22
Let b = 1 + 3. Let a(q) = 28*q - 32*q + 24*q - b. Let y be a(2). What is the highest common factor of 12 and y?
12
Suppose 6*k + 18 = 90. Let s(b) = -18*b - 12. Let z be s(-8). What is the highest common divisor of k and z?
12
Let k(t) = -t**3 - 6*t**2 - 10*t + 1. Let o be k(-5). Suppose -2*a - 21 = -i, 0 = 3*i - 2*a - a - 51. What is the highest common factor of o and i?
13
Let w be (-3)/(-15) - (-7008)/160. What is the greatest common factor of w and 4136?
44
Suppose -316*